 what is -275 + b20?
867
In base 13, what is 1 + -a044a?
-a0449
In base 15, what is -6095 + -52?
-60e7
In base 5, what is -40110143 + -4?
-40110202
In base 7, what is -1 + 51246?
51245
In base 7, what is 216341 - -12?
216353
In base 2, what is 11111101 - -111111010001?
1000011001110
In base 12, what is -7296 + 6?
-7290
In base 15, what is 618b + -1?
618a
In base 9, what is -3 + 24633?
24630
In base 6, what is 11200 - 400?
10400
In base 14, what is 6 - -d40ad?
d40b5
In base 13, what is 0 - -37a9?
37a9
In base 3, what is 12202 - -102122?
122101
In base 8, what is 16522 + -6?
16514
In base 14, what is 2729 + 7?
2732
In base 6, what is -1341153 + 1?
-1341152
In base 15, what is ab01 - 43?
aaad
In base 5, what is -20 - -121101?
121031
In base 3, what is -100222102 + -1001?
-101000110
In base 4, what is 1111301 + 11021?
1122322
In base 8, what is 42 - -13605?
13647
In base 9, what is 17154 + 6?
17161
In base 8, what is -35 + -547?
-604
In base 2, what is 110111000110000101 - 11?
110111000110000010
In base 6, what is -11305 - -24?
-11241
In base 12, what is -4 - -3497?
3493
In base 15, what is -269c + 11?
-268b
In base 9, what is -105 + 133?
27
In base 9, what is -146368 + -6?
-146375
In base 4, what is -13300022111 - -11?
-13300022100
In base 2, what is 1001010 - 10010111011?
-10001110001
In base 9, what is -485163 - -3?
-485160
In base 16, what is 5 - -a19a?
a19f
In base 6, what is -132222403 - -2?
-132222401
In base 11, what is -3 + 3929?
3926
In base 7, what is 612 + 24113?
25025
In base 7, what is -11 + -4556114?
-4556125
In base 16, what is -173cb + -3?
-173ce
In base 3, what is 120101 - -10102211?
11000012
In base 8, what is 2105277 - -4?
2105303
In base 6, what is -3 - -2554543?
2554540
In base 9, what is -304771 + -11?
-304782
In base 14, what is -48651 + -1?
-48652
In base 9, what is -1 - 15565?
-15566
In base 11, what is -95 + -5754?
-5839
In base 6, what is -4413 - 5344?
-14201
In base 3, what is -2210221121 - -11?
-2210221110
In base 7, what is -3666011 + 3?
-3666005
In base 3, what is -12 - -100202002?
100201220
In base 7, what is -30014 - -154?
-26530
In base 11, what is 777 + 0?
777
In base 10, what is 591 - 41?
550
In base 3, what is 22011202 + -11111?
22000021
In base 8, what is 47655 + 3?
47660
In base 14, what is 167ca - -2?
167cc
In base 11, what is -528a + -9?
-5298
In base 3, what is 102 + 1200200221?
1200201100
In base 5, what is -1100001 - 34?
-1100040
In base 12, what is b8671 - -4?
b8675
In base 16, what is 1bf + -2c5?
-106
In base 8, what is 0 + -261553?
-261553
In base 10, what is -46 - -14714?
14668
In base 16, what is 1d - 4b0?
-493
In base 9, what is 40 + -4082?
-4042
In base 14, what is 3d + -122?
-c3
In base 13, what is -1397 + -10?
-13a7
In base 7, what is 3 + -300035?
-300032
In base 12, what is 0 + -25220?
-25220
In base 14, what is 32d - 29a?
73
In base 14, what is -a + b77?
b6b
In base 3, what is -20002 + 202010?
112001
In base 16, what is 30b + 2?
30d
In base 11, what is 70 + 3006?
3076
In base 9, what is 88651 - 4?
88646
In base 13, what is b81a + 5?
b822
In base 12, what is 4 + 9b524?
9b528
In base 10, what is -3 + 18304?
18301
In base 5, what is -32 + -2114?
-2201
In base 8, what is 5 + -252712?
-252705
In base 5, what is 1410 + 24003?
30413
In base 14, what is -5 - -69d13?
69d0c
In base 10, what is -28797 + -2?
-28799
In base 3, what is 211121211 + -12202?
211102002
In base 10, what is -18 + 7585?
7567
In base 16, what is -167 + -2d8?
-43f
In base 8, what is 2 + 15410?
15412
In base 6, what is -5 - -132435?
132430
In base 16, what is 156 - -105?
25b
In base 2, what is 110000000000 - 111?
101111111001
In base 14, what is 0 - -1301d?
1301d
In base 3, what is 21201 + 12210?
111111
In base 8, what is 134 + -55770?
-55634
In base 4, what is 10212 + 231?
11103
In base 4, what is -23202 - 33122?
-122330
In base 4, what is -210030033 + 1?
-210030032
In base 14, what is -c - -7174?
7166
In base 5, what is 11 + 140244?
140310
In base 7, what is 16315 + -520?
15465
In base 6, what is 221 - -10105?
10330
In base 5, what is 1 - 101143?
-101142
In base 15, what is c + -e49?
-e3c
In base 11, what is -1 + -55aa44?
-55aa45
In base 13, what is -288c693 - -5?
-288c68b
In base 11, what is 1065 - -152?
1207
In base 16, what is 4 - -9b?
9f
In base 14, what is -2d1b3 + 3?
-2d1b0
In base 3, what is 220001100101 + -11?
220001100020
In base 2, what is 10001001110011100 + 1?
10001001110011101
In base 4, what is -102200332 + 3?
-102200323
In base 13, what is 3c - -349?
388
In base 6, what is 12153335 + 4?
12153343
In base 12, what is 228 + 2a9?
515
In base 4, what is 2311 - -112233?
121210
In base 9, what is -75 - -142?
56
In base 9, what is -124463 + -7?
-124471
In base 11, what is -5a790 + -5?
-5a795
In base 9, what is -6508555 + 4?
-6508551
In base 2, what is -111100110111100000100 + -1?
-111100110111100000101
In base 10, what is -211 - -112?
-99
In base 10, what is -6022 + 7?
-6015
In base 15, what is -82b + -a?
-836
In base 8, what is -13234 - 2?
-13236
In base 11, what is 89 + 12079?
12157
In base 14, what is 235 + -1a55?
-1820
In base 5, what is 112431414 - -12?
112431431
In base 8, what is 21 - 50?
-27
In base 4, what is 123130203 - -212?
123131021
In base 6, what is 215 - 105420?
-105201
In base 9, what is 3 - -407647?
407651
In base 4, what is -1130010131 + -2?
-1130010133
In base 11, what is 11a - 2203?
-2094
In base 15, what is 2d3 - -157?
43a
In base 10, what is 4 - 70021?
-70017
In base 15, what is db4 - -19d?
1062
In base 5, what is -220 - -13143?
12423
In base 3, what is -1 + 110211?
110210
In base 2, what is 11100110 + 11100101100?
100000010010
In base 13, what is -8c6 + -39?
-932
In base 6, what is -100 - -22252?
22152
In base 10, what is 409 + -290?
119
In base 8, what is 1 + 143125?
143126
In base 7, what is 11 + 101343?
101354
In base 13, what is -10c841 + -6?
-10c847
In base 11, what is -409859 - -3?
-409856
In base 13, what is -8 + 10226?
1021b
In base 6, what is 13 + -15000540?
-15000523
In base 15, what is 24 + -1b246?
-1b222
In base 8, what is 10521 - -3?
10524
In base 15, what is -49 + -1a68?
-1ab2
In base 8, what is 5762 + -27?
5733
In base 14, what is -b56 - 4?
-b5a
In base 7, what is -1 + -4443613?
-4443614
In base 6, what is 12010 + -2023?
5543
In base 9, what is 1384074 - -4?
1384078
In base 4, what is -122312232 - 0?
-122312232
In base 14, what is 1 - -6d80?
6d81
In base 7, what is -10025 + -263?
-10321
In base 10, what is 33616 + 32?
33648
In base 14, what is -3dd9 + c?
-3dcb
In base 9, what is 10076 + 302?
10378
In base 7, what is -4 - -5050341?
5050334
In base 2, what is 100000110 - 111000111?
-11000001
In base 5, what is -44 + -20330210?
-20330304
In base 4, what is 21000302 - 3?
21000233
In base 9, what is 21 - 8838?
-8817
In base 6, what is 0 - 5132504?
-5132504
In base 5, what is 20033333 + -10?
20033323
In base 9, what is 26 + -41?
-14
In base 16, what is -19f - -30?
-16f
In base 10, what is -30029 - 2?
-30031
In base 9, what is 58 + 52247?
52316
In base 6, what is 3003133 - 0?
3003133
In base 12, what is 59 - 2672?
-2615
In base 16, what is -44 - -2d7e?
2d3a
In base 2, what is -110100000100 - -1010?
-110011111010
In base 5, what is -3440 + 11?
-3424
In base 13, what is 48 + 10?
58
In base 12, what is 344 + 445?
789
In base 9, what is 3 + -11072?
-11068
In base 14, what is -2d6c8 + 3?
-2d6c5
In base 13, what is 28177 - -8?
28182
In base 2, what is -1110000 + 100110101?
11000101
In base 8, what is -2 - 3447674?
-3447676
In base 9, what is -54754 + -172?
-55036
In base 14, what is cc - 72?
5a
In base 2, what is 101111111010 - 111000010?
101000111000
In base 14, what is 227 + b5?
2dc
In base 12, what is 126b2a - 5?
126b25
In base 13, what is -249265 - 5?
-24926a
In base 11, what is 52 - 761a?
-7578
In base 5, what is -111 - 11232?
-11343
In base 12, what is -1 - 7310?
-7311
In base 9, what is 5440 - 4?
5435
In base 9, what is -3 + -480050?
-480053
In base 11, what is -66 + 3747?
3691
In base 16, what is 499 - -64a?
ae3
In base 11, what is -5402 - -4?
-53a9
In base 16, what is -1a - -221?
207
In base 6, what is 511 - 45103?
-44152
In base 2, what is 101 - -10001101001000011?
10001101001001000
In base 11, what is 2 + 1874?
1876
In base 9, what is 0 - -1171634?
1171634
In base 8, what is 236 - -